 y be t(-8). Suppose -12 = 3*j - 6*j. Let i = 24 - j. What is the highest common factor of i and y?
4
Let q(d) = d**2 - 8*d + 8. Let l be q(7). Let x be -13*(-2 + 1)*l. Let g = x + -2. Calculate the highest common factor of g and 88.
11
Let z = -13 - -8. Let h(q) = -q**2 - 9*q - 5. Let x be h(z). What is the greatest common factor of 135 and x?
15
Suppose -4*x = 4*f - 44, -x + 42 = 4*f + 16. Let m be 60*(-2)/(4*-1). Calculate the greatest common divisor of x and m.
6
Let u be (-42)/(-8) - 1/4. Suppose f - 100 = u*s - 12, 0 = -s - 5. What is the highest common factor of f and 7?
7
Suppose 0 = -4*s + 9*s - 60. Calculate the highest common divisor of s and 44.
4
Suppose -3*d - 330 = -4*d. Suppose -b = 2*b - d. Calculate the greatest common factor of b and 10.
10
Let b = 21 + -5. What is the highest common divisor of b and 64?
16
Let w(p) = -p**3 - 13*p**2 + 6*p + 13. Let d be w(-13). Let z be 1356/26 - (-10)/d. What is the highest common factor of 26 and z?
26
Let w be 32/6*(-2 - -5). Calculate the highest common divisor of w and 16.
16
Suppose 2*n + 2*o + 33 = -33, -5*o - 25 = 0. Let u be 74/8 + 7/n. What is the highest common factor of u and 36?
9
Let p = 19 - -10. Suppose -g + p = 5. What is the greatest common factor of 6 and g?
6
Let k be (6 + -8)/(2/28*-2). Calculate the greatest common divisor of 112 and k.
14
Suppose -264 = -5*k + 2*i, -2*k + 27 + 66 = -5*i. What is the highest common factor of k and 36?
18
Let a be -1*4/12*5*-6. Calculate the greatest common divisor of 80 and a.
10
Let u = 2 - 4. Let v be 264/2*u/(-4). Let d = -15 - -21. Calculate the highest common divisor of d and v.
6
Let r = -13 - -18. Suppose 4*h - 84 = -r*v, h - 6*v = -2*v. Let y(d) = -d + 4. Let m be y(2). What is the highest common factor of h and m?
2
Let i(d) = -d + 14. Let c be i(10). Suppose a = -a + c. What is the highest common factor of 2 and a?
2
Suppose -224 = -7*c + 5*c. What is the greatest common divisor of c and 16?
16
Let w(g) = -g**3 - 9*g**2 - g - 6. Let y be w(-9). Suppose -m + 51 = -4*d, 3*m + y*d = 79 + 89. What is the highest common divisor of m and 11?
11
Suppose -4*u + 3*p - 20 = -5*u, 2*u = -4*p + 50. Calculate the greatest common divisor of 105 and u.
35
Let h be 1 - (-15 - (-1 - -5)). Calculate the greatest common divisor of h and 5.
5
Let l(y) = -y + 5. Let u be l(-7). Let s(w) = w**2 - 10*w - 1. Let n be s(10). Let j be 8/6*-6*n. Calculate the greatest common divisor of u and j.
4
Let y be -2 - -5 - 0/(-2). What is the greatest common factor of 15 and y?
3
Suppose 4*w - 88 = -5*d + d, d - 26 = 3*w. Suppose -2 = 3*c - d. Let p = 10 - c. What is the greatest common divisor of p and 2?
1
Suppose 4*f = 2*f - 10. Let u be 1318/6 - f/15. What is the highest common factor of u and 20?
20
Let n = -6 + 34. Let g(k) = 2*k + 2. Let u be g(6). What is the greatest common divisor of u and n?
14
Suppose -66 = -3*q + 2*d + 2*d, 2*d - 66 = -4*q. Calculate the greatest common factor of 90 and q.
18
Let w(v) = -v**2 - 14*v + 47. Let f be w(-15). Calculate the greatest common factor of 352 and f.
32
Suppose 4*l - 10*l = -12. What is the highest common factor of 14 and l?
2
Suppose 25 + 55 = q. Suppose 0 = 7*c - 2*c - q. What is the highest common divisor of c and 8?
8
Let t = 235 - 109. Calculate the highest common factor of t and 14.
14
Let d(v) = -v**3 + 5*v**2 + 5. Let z be d(5). Let h = -3 + z. Calculate the highest common factor of 18 and h.
2
Suppose 89 + 1 = 5*v + 4*o, 4*o = 3*v - 54. What is the greatest common divisor of 6 and v?
6
Let a = 5 + -6. Let j be -3 + 33/((-3)/a). Suppose -y = -10 - 22. What is the highest common factor of y and j?
8
Let q(u) = u**3 - 8*u**2 + 9*u + 4. Let y be q(7). What is the highest common factor of y and 198?
18
Let g(u) = 64*u**2 + u - 1. Let d be g(1). Suppose v - 5*i = -15, 0 = 4*v - v + 4*i + d. Let k = -14 - v. Calculate the greatest common factor of k and 18.
6
Suppose 2*j + 2*m = 26, -2*m = -j + 7 + 15. Calculate the greatest common divisor of j and 2.
2
Let s(w) be the first derivative of -w**2 - 6*w - 2. Let m be (-69)/12 - 1/4. Let h be s(m). What is the highest common divisor of 18 and h?
6
Let w(f) = -f**2 + 14*f - 9. Let z be w(6). Suppose -5*g = -12*g + 721. Let h = g - z. Calculate the highest common divisor of 16 and h.
16
Let c be 242 - (0 + 1 - (-2)/(-2)). Calculate the highest common divisor of c and 22.
22
Suppose -13 = -3*q - 1. Let o be ((-2)/q)/((-5)/160). What is the highest common divisor of 48 and o?
16
Suppose 5*k - 73 = 7. Let d(z) = 25*z + 2. Let v(r) = 24*r + 1. Let q(i) = 3*d(i) - 4*v(i). Let u be q(-6). Calculate the highest common divisor of k and u.
16
Let v(n) = n - 3. Let m be v(0). Let i = m - -5. Calculate the greatest common factor of i and 2.
2
Let i(a) = 2*a**3 + a**2 + 4*a + 1. Let y be i(4). Suppose -4*s - 5*u + 92 = -u, 0 = 3*s + 2*u - 69. Calculate the greatest common factor of y and s.
23
Suppose -2*o = -2*p - 16, 2*p = -5*o + o - 4. Let y be 2/p - 3/(-9). Let w = 13 - y. Calculate the highest common factor of 65 and w.
13
Let r be (-98)/(((-13)/39)/(4/3)). Calculate the highest common divisor of r and 49.
49
Let r(t) = -111*t - 3. Let c be r(-1). Calculate the highest common divisor of c and 12.
12
Let p be -3 + 5 + 1*8*10. Calculate the highest common divisor of p and 123.
41
Let k be (-2)/8*-2*6. Suppose -2*y - y = k*h - 477, -4*h - 12 = 0. Let x = 37 - 19. Calculate the greatest common factor of y and x.
18
Let m(f) be the second derivative of f**4/6 + 2*f**3/3 - 2*f**2 - 2*f. Let p be m(-4). Calculate the highest common divisor of p and 108.
12
Let g(a) = -20*a**3 - 3*a**2 - a. Let v be g(-2). What is the highest common divisor of 15 and v?
15
Let z(k) = 2*k + 2. Let s be z(-2). Let d be s/(-10) - 796/(-20). What is the highest common factor of 10 and d?
10
Suppose 4*x - 10 = -2. Suppose 2*a = 2*n + 42, x*a - n = -0*a + 38. Let q = 105 - a. Calculate the greatest common divisor of 11 and q.
11
Let h be 858/27 - 2/(-9). Suppose -n + 388 = 4*w, -4*n + n = -3*w + 276. Calculate the greatest common divisor of h and w.
32
Let g be 1/3 - (-14)/3. Let d be (-10)/(-4)*8/g. Suppose 0 = -d*r - 4 + 8. Calculate the highest common divisor of 7 and r.
1
Let h(s) = 2*s**3 - 7*s**2 + 4*s. Let q be h(4). Let i be q/10 - 4/20. What is the highest common factor of i and 6?
3
Suppose 1 = -2*v - 5. Let h(f) = -8*f - 2. Let j be h(v). Calculate the greatest common divisor of j and 2.
2
Let l be 8 + -2 + (0 - 2). Let r(a) = -a**2 + 14*a - 1. Let y be r(9). Calculate the greatest common divisor of y and l.
4
Let a(m) = -31*m**2 - m - 2. Let c(s) = 93*s**2 + 3*s + 7. Let b(n) = -7*a(n) - 2*c(n). Let f be b(-1). Calculate the greatest common factor of 45 and f.
15
Let p(z) = z**3 + 7*z**2 - 21*z - 4. Let k be p(-8). What is the highest common factor of 40 and k?
20
Let i be 9125/45 - (-4)/18. Suppose i + 45 = t. Calculate the highest common factor of t and 31.
31
Suppose k + 41 = 3*s, -s - 4*k + 11 = -7. What is the greatest common factor of s and 2?
2
Let v(n) = n**2 + 2*n - 7. Let k be v(-7). Calculate the highest common factor of 4 and k.
4
Suppose o + 3*t = 45, -4*o - 225 = -9*o - 5*t. What is the highest common divisor of o and 5?
5
Let f be 12/(-15)*10/(-4). Suppose 3*p - 11 = f*p. What is the greatest common factor of 88 and p?
11
Let q = 341 + -191. What is the highest common factor of 30 and q?
30
Suppose 4*j - d = 5*j - 8, -2*j + 13 = 5*d. Suppose -3*x - 4*h + 281 = 0, -6*x + 2*x - h = -392. Calculate the greatest common factor of j and x.
9
Let l(h) = -h**2 - 11*h + 1. Let p(w) = 6*w + 1 + 15*w**2 - 14*w**2 - 4. Let r be p(-5). Let g be l(r). Calculate the greatest common divisor of 10 and g.
5
Suppose 0 = 4*p - 5*q + 75, 22 = -p + q - 3*q. Let n be p*(-6)/(-4)*-2. Suppose 0 = -x + 26 - 11. Calculate the greatest common factor of x and n.
15
Let g(x) = 4*x + 2. Let n be g(5). Let w = n - 7. Calculate the highest common divisor of 5 and w.
5
Let w(y) = -6*y - 9. Let d(u) = -7*u - 10. Let h(a) = 4*d(a) - 5*w(a). Let i be h(6). Calculate the greatest common factor of i and 136.
17
Suppose 0*r + 5*r = 15. Let o be (0 + 0)/r - -40. What is the highest common divisor of o and 8?
8
Let r = 17 - 25. Let k(l) = l + 10. Let q be k(r). Calculate the greatest common factor of 2 and q.
